- 1?
24211102412
In base 8, what is -316114 - -7?
-316105
In base 7, what is -230616 - 13?
-230632
In base 4, what is 2023 - 221100302?
-221032213
In base 6, what is -5 + -2213050103?
-2213050112
In base 7, what is 12 + -1031133?
-1031121
In base 8, what is -73560726 - 14?
-73560742
In base 10, what is -38 + -13253869?
-13253907
In base 5, what is 123 + -114333141?
-114333013
In base 4, what is -120110 + -133301?
-320011
In base 9, what is -450211623 + -3?
-450211626
In base 14, what is a7cb + -288?
a543
In base 2, what is 10001000100101010010110011 + -11?
10001000100101010010110000
In base 2, what is -100010000 - -1011110100100001011?
1011110011111111011
In base 8, what is 376 + -175114?
-174516
In base 3, what is -222202 - 2221220?
-10221122
In base 7, what is 45163 + -141?
45022
In base 3, what is 2202 - 10221001022122?
-10221001012220
In base 7, what is -14533 - 2064?
-16630
In base 6, what is -32133 + -3115334?
-3151511
In base 7, what is 0 - -24014663?
24014663
In base 4, what is -1113003 - 211113?
-1330122
In base 11, what is -779a + -16489?
-23178
In base 8, what is 71265404 - 6?
71265376
In base 10, what is 64763 - -48?
64811
In base 14, what is -3714 - -390?
-3364
In base 8, what is 21620 - -16533?
40353
In base 7, what is 20 - 13066555?
-13066535
In base 13, what is 182 - -1197?
1349
In base 4, what is -31203121 + 21000?
-31122121
In base 8, what is -46551351 + 1?
-46551350
In base 6, what is -3401000 - 1?
-3401001
In base 16, what is 5 + -d78d2f?
-d78d2a
In base 7, what is 535251 - -155?
535436
In base 4, what is 2003233 + 220002112?
222012011
In base 10, what is -2753 + 591?
-2162
In base 4, what is -303332032100320 + 11?
-303332032100303
In base 3, what is 120112100122200 + 2?
120112100122202
In base 3, what is 12120211202 - -1020?
12120212222
In base 8, what is 15655376320 - 0?
15655376320
In base 2, what is -110000 - 1110001001001?
-1110001111001
In base 7, what is 13361153 - -1225?
13362411
In base 10, what is 21961 + -32166?
-10205
In base 3, what is -200121101 + -10020?
-200201121
In base 13, what is -13209a1 - 6?
-13209a7
In base 2, what is 101000011110111011110011 - -1?
101000011110111011110100
In base 9, what is -4 + 486248033?
486248028
In base 5, what is 10010 + 40323101?
40333111
In base 3, what is 1200 - 1222021022?
-1222012122
In base 2, what is 10 - 110101001001001000000101101?
-110101001001001000000101011
In base 12, what is -21b2842 + -3?
-21b2845
In base 12, what is -4a66 + -14a6?
-6350
In base 10, what is -4 + -10037163?
-10037167
In base 3, what is -1022121120101012 - 1?
-1022121120101020
In base 3, what is 2020101200 - 10021200?
2010010000
In base 16, what is 2 - 8bcf25?
-8bcf23
In base 6, what is 10432 + -21554?
-11122
In base 6, what is -311045121 - 10?
-311045131
In base 8, what is 570414 + -461?
567733
In base 5, what is -10 - 312040030?
-312040040
In base 15, what is 9db3 - -103d9?
1a29c
In base 5, what is 4323114232 + 244?
4323120031
In base 11, what is -178 - -281867?
28169a
In base 12, what is 74b84 - 1074?
73b10
In base 11, what is 4 + 360738?
360741
In base 12, what is 4 + -9302558?
-9302554
In base 14, what is -6b8 - 53a98?
-54372
In base 4, what is -100103023123 - 3?
-100103023132
In base 4, what is -11 - -1033230300302?
1033230300231
In base 15, what is 216 - 22b0?
-2099
In base 5, what is -4443 + -444403?
-1004401
In base 11, what is 4 - 528796?
-528792
In base 3, what is 100211111221012 + -10?
100211111221002
In base 11, what is -2 - -17452150?
17452149
In base 8, what is -4 - -3241102?
3241076
In base 9, what is 1 - -17508437?
17508438
In base 14, what is 5 + 1037b0c?
1037b13
In base 13, what is -1 - 1a2415?
-1a2416
In base 12, what is -205b59 - 11?
-205b6a
In base 3, what is 20 - -11120210111222121?
11120210111222211
In base 9, what is -17542567 - 174?
-17542752
In base 9, what is -231167 + 8261?
-221806
In base 8, what is 5634305 + 22?
5634327
In base 8, what is -25255 + 4235?
-21020
In base 10, what is -1 - -6361247?
6361246
In base 4, what is 32030 + -10320110?
-10222020
In base 10, what is -141894 + -469?
-142363
In base 8, what is 24162 - -407?
24571
In base 11, what is -86a9090 + 1a?
-86a9071
In base 11, what is -1444 + -a57?
-23a0
In base 16, what is -5f8 + -14a?
-742
In base 4, what is 2 - 1202123012131?
-1202123012123
In base 13, what is a4a61 + 11?
a4a72
In base 2, what is -1101000011 + 10001010011010?
1111101010111
In base 2, what is 100 - -10000100000000011110100?
10000100000000011111000
In base 6, what is -33222440 + -521?
-33223401
In base 15, what is -6a + 624e?
61d4
In base 3, what is -210101022011 - -12?
-210101021222
In base 12, what is -13a0 - -128713?
127333
In base 8, what is -25 + -10053164?
-10053211
In base 12, what is b978522 - -6?
b978528
In base 12, what is -2 - -99b26?
99b24
In base 3, what is -22202220 + -1000010022?
-1022220012
In base 12, what is -7576 - -62b?
-6b47
In base 14, what is -4229b323 + -1?
-4229b324
In base 6, what is 12230150 + 105?
12230255
In base 4, what is -130232021312 + 2?
-130232021310
In base 16, what is 13 + -4e82eb9?
-4e82ea6
In base 11, what is -647 + -16877?
-17413
In base 6, what is -5 + 51402212223?
51402212214
In base 12, what is 11608 + -71b?
10aa9
In base 2, what is 1 - 10000011011010101010110?
-10000011011010101010101
In base 12, what is -ab9b42 + 1a7?
-ab9957
In base 10, what is -1854504 - 2?
-1854506
In base 11, what is -27903 - 2?
-27905
In base 16, what is 24a516 + -a?
24a50c
In base 15, what is -1a + 15726?
1570b
In base 2, what is 100 - -1000011111101100110100011?
1000011111101100110100111
In base 11, what is -41438a7 + -6?
-4143902
In base 6, what is 5025 - 2033441?
-2024412
In base 15, what is 49 - -74c0?
7519
In base 7, what is -10632565 - -4?
-10632561
In base 15, what is 2 - b83e76?
-b83e74
In base 5, what is 1 - 200201243?
-200201242
In base 10, what is 2 + -27575652?
-27575650
In base 13, what is 11523 + -116?
1140a
In base 9, what is -7 - -1355866?
1355858
In base 8, what is 1734 + -37516?
-35562
In base 11, what is -535187 - -66?
-535121
In base 7, what is -4 + -6054631?
-6054635
In base 3, what is 11 + -11100221201212?
-11100221201201
In base 12, what is -15ba0b97 - -4?
-15ba0b93
In base 11, what is 10568675 + -1?
10568674
In base 5, what is -4340 + -1422241?
-1432131
In base 15, what is 9 + -133cc3?
-133cb9
In base 10, what is -259 - -151230?
150971
In base 11, what is 1118 - 393111?
-391aa4
In base 11, what is 41893a + -a?
418930
In base 10, what is 49575 + -177?
49398
In base 6, what is 1 - -123413204?
123413205
In base 7, what is 10410 - 640610?
-630200
In base 11, what is -1058184 + -a4?
-1058278
In base 11, what is -110 + 2039a2?
203892
In base 8, what is 11433765 - 7?
11433756
In base 2, what is 1001 - 101010111111000011000?
-101010111111000001111
In base 9, what is 110 - -1005762?
1005872
In base 5, what is 12300430 - -4?
12300434
In base 10, what is -983203 + -97?
-983300
In base 11, what is -2 - 166936962?
-166936964
In base 10, what is -161271140 + 0?
-161271140
In base 3, what is 1211221 - 1120122221?
-1111211000
In base 9, what is 7 - -3674156?
3674164
In base 10, what is -19311 - 3610?
-22921
In base 11, what is 1 - 2351530?
-235152a
In base 12, what is 400120b - -5?
4001214
In base 15, what is -28 - -7b3dbd?
7b3d95
In base 12, what is 1a - -b885ab?
b88609
In base 3, what is -1102111020110 - -200100?
-1102110120010
In base 4, what is 3332200023 + -2?
3332200021
In base 4, what is 21120 - 1330330?
-1303210
In base 5, what is 1224000 - -3423?
1232423
In base 2, what is 11110101100110 + 11110010111110?
111101000100100
In base 10, what is -38 + -599373?
-599411
In base 13, what is -a0bbb21 + -1?
-a0bbb22
In base 13, what is -2 + a833c56?
a833c54
In base 14, what is 3d0c16 - 53?
3d0ba3
In base 4, what is -13200120233 - 1?
-13200120300
In base 5, what is -401 + -32024441?
-32030342
In base 8, what is 6 + 66115500?
66115506
In base 10, what is 4496 - 14640?
-10144
In base 14, what is 121dc1590 - -5?
121dc1595
In base 6, what is 103002 + 10224?
113230
In base 15, what is -5 + d78c1c?
d78c17
In base 8, what is -4 + 5560625?
5560621
In base 3, what is 101222120121021111 - 10?
101222120121021101
In base 8, what is -5 + -424433?
-424440
In base 4, what is 11221101 + 3321?
11231022
In base 10, what is 50847212 